5
-b (base 15) to base 6
-15
Convert 2333200 (base 4) to base 14.
4676
Convert -312 (base 12) to base 4.
-12332
What is -556 (base 16) in base 10?
-1366
2bb (base 12) to base 2
110101111
What is 1069 (base 12) in base 7?
5163
Convert -2500 (base 11) to base 12.
-1a83
Convert 10012121 (base 3) to base 12.
142a
212430 (base 5) to base 6
53304
Convert -1068 (base 11) to base 3.
-1221001
What is 12273 (base 8) in base 14?
1d11
-20146 (base 7) to base 4
-1030111
-2522 (base 10) to base 12
-1562
Convert 3658 (base 9) to base 15.
c1b
-11415 (base 7) to base 11
-2244
Convert -777 (base 8) to base 14.
-287
Convert 86410 (base 10) to base 6.
1504014
Convert 25350 (base 12) to base 8.
142654
What is -1158 (base 12) in base 8?
-3624
Convert -3787 (base 9) to base 8.
-5421
What is -20524 (base 8) in base 14?
-3176
What is -b4 (base 14) in base 9?
-185
What is -7675 (base 13) in base 11?
-11430
What is -4331 (base 8) in base 16?
-8d9
-111101000101 (base 2) to base 5
-111114
Convert -14520 (base 6) to base 3.
-10020010
Convert -1288 (base 12) to base 9.
-2815
63d (base 16) to base 2
11000111101
Convert 1353 (base 6) to base 5.
2412
Convert -1458 (base 12) to base 5.
-33442
950 (base 13) to base 14
814
-7d1 (base 16) to base 13
-bac
11444 (base 7) to base 9
4062
-11204 (base 7) to base 6
-21102
-15d (base 15) to base 2
-100111001
Convert -313 (base 8) to base 6.
-535
20122111 (base 3) to base 13
228a
Convert 25fe (base 16) to base 12.
5766
What is -90d9 (base 14) in base 13?
-b435
9199 (base 10) to base 11
6a03
Convert 2320 (base 6) to base 15.
26c
Convert -442 (base 7) to base 13.
-145
-bb8 (base 16) to base 13
-149a
-3b1 (base 12) to base 2
-1000110101
Convert 23151 (base 7) to base 15.
1b46
-7b (base 12) to base 5
-340
Convert -2120202 (base 4) to base 2.
-10011000100010
-102022 (base 4) to base 15
-527
What is 2d (base 14) in base 6?
105
1 (base 15) to base 6
1
Convert 102501 (base 6) to base 5.
232024
Convert -111121212 (base 3) to base 11.
-750a
Convert -1165 (base 7) to base 8.
-667
What is -1322 (base 15) in base 13?
-1b20
Convert 148b (base 12) to base 3.
10022022
-342 (base 6) to base 2
-10000110
What is -202202211 (base 3) in base 7?
-62101
What is -300 (base 10) in base 13?
-1a1
-584 (base 9) to base 16
-1e1
What is -6696 (base 14) in base 3?
-220101020
What is -6949 (base 15) in base 6?
-251240
Convert 410 (base 5) to base 8.
151
What is 8231 (base 9) in base 5?
143042
Convert 4334 (base 5) to base 9.
730
What is 212244 (base 6) in base 4?
10033210
What is 3232 (base 4) in base 10?
238
What is 1100110 (base 2) in base 8?
146
What is 3c5a (base 15) in base 9?
18634
Convert 3110310 (base 4) to base 13.
6279
2012010 (base 3) to base 8
3074
What is 3085 (base 14) in base 10?
8349
10010 (base 5) to base 13
396
Convert -1003 (base 10) to base 7.
-2632
What is -1311330 (base 4) in base 9?
-11316
What is -187a7 (base 14) in base 9?
-103803
What is 21707 (base 10) in base 15?
6672
What is -4a (base 13) in base 10?
-62
Convert 10 (base 14) to base 12.
12
What is -1384 (base 14) in base 8?
-6570
-1207 (base 8) to base 16
-287
What is -104214 (base 7) in base 8?
-43560
Convert 3340 (base 7) to base 16.
4b4
What is 12b (base 15) in base 12?
1a2
What is 193 (base 11) in base 5?
1343
Convert 175 (base 10) to base 11.
14a
202202120 (base 3) to base 6
154023
1244222 (base 5) to base 2
110000101101001
What is 40012 (base 5) in base 2?
100111001011
What is 5304 (base 10) in base 8?
12270
Convert -113103 (base 4) to base 5.
-21431
Convert 225644 (base 7) to base 14.
10a5b
-531 (base 9) to base 14
-22d
What is -27386 (base 9) in base 11?
-12a30
What is -2474 (base 12) in base 3?
-12122121
Convert -11100000001 (base 2) to base 14.
-921
-12122 (base 9) to base 6
-101332
Convert -420 (base 8) to base 4.
-10100
Convert 3932 (base 10) to base 14.
160c
-249a (base 12) to base 15
-136a
-1000101001 (base 2) to base 12
-3a1
What is -1872 (base 9) in base 2?
-10110100010
What is -4072 (base 8) in base 4?
-200322
Convert 40a6 (base 15) to base 9.
20653
Convert -1463 (base 8) to base 12.
-583
What is 3854 (base 9) in base 2?
101101000100
What is -21784 (base 10) in base 12?
-10734
What is 11010101001111 (base 2) in base 14?
4d8b
157 (base 14) to base 11
229
What is -267 (base 9) in base 12?
-167
What is -48 (base 11) in base 3?
-1221
-26b (base 16) to base 6
-2511
Convert 1001011000110111 (base 2) to base 5.
2212310
546 (base 9) to base 6
2023
90 (base 11) to base 4
1203
What is -386d (base 14) in base 7?
-40566
Convert -784 (base 9) to base 16.
-283
-485 (base 10) to base 13
-2b4
-416d (base 15) to base 12
-8004
Convert -1652a (base 12) to base 11.
-21a32
What is -44363 (base 8) in base 6?
-222243
180 (base 9) to base 8
231
-163 (base 15) to base 7
-633
What is -232222 (base 4) in base 11?
-2275
100001000011100 (base 2) to base 15
5034
Convert -63270 (base 9) to base 13.
-16029
What is 323212 (base 4) in base 6?
25354
What is 42515 (base 7) in base 13?
4a54
What is 27117 (base 9) in base 6?
220454
101110110 (base 2) to base 9
455
2321323 (base 4) to base 2
10111001111011
Convert 11022 (base 3) to base 14.
84
What is 30013123 (base 4) in base 11?
34316
7183 (base 16) to base 11
1a918
What is 10731 (base 13) in base 3?
1111212010
What is -15504 (base 9) in base 12?
-6187
Convert -3cb (base 16) to base 12.
-68b
a45 (base 14) to base 4
133211
What is 307 (base 11) in base 4?
11302
Convert -1c1 (base 14) to base 4.
-11231
4400 (base 5) to base 12
420
-110010 (base 3) to base 10
-327
Convert -1111011100001 (base 2) to base 3.
-101211210
What is -5632 (base 9) in base 6?
-31132
Convert -c911 (base 14) to base 10.
-34707
What is 363020 (base 7) in base 3?
10100100122
Convert 9a4 (base 12) to base 6.
10324
Convert -4651 (base 11) to base 10.
-6106
53ac (base 16) to base 13
9999
What is 15e (base 16) in base 14?
1b0
Convert -77 (base 13) to base 11.
-8a
What is 5bb (base 15) in base 6?
10005
What is -b54 (base 15) in base 2?
-100111111010
5374 (base 16) to base 8
51564
What is -867 (base 15) in base 8?
-3551
1144 (base 10) to base 4
101320
What is -691 (base 15) in base 6?
-10514
-128 (base 12) to base 11
-150
1716 (base 11) to base 14
b2b
Convert -3301 (base 5) to base 13.
-289
-8f (base 16) to base 14
-a3
Convert -154 (base 16) to base 12.
-244
Convert 1110011101000 (base 2) to base 5.
214100
Convert -4b4b (base 16) to base 2.
-100101101001011
Convert 3961 (base 12) to base 15.
1e1d
Convert 1403 (base 6) to base 9.
443
Convert -6453 (base 8) to base 14.
-132b
21202 (base 3) to base 5
1314
24402 (base 6) to base 14
1454
What is -121010 (base 3) in base 6?
-2003
-46706 (base 10) to base 3
-2101001212
35c (base 13) to base 3
210122
Convert -3112 (base 4) to base 2.
-11010110
What is 911 (base 11) in base 3?
1111210
What is 1000001111101011 (base 2) in base 16?
83eb
What is -221010 (base 3) in base 13?
-402
What is 19220 (base 10) in base 13?
8996
10054 (base 7) to base 12
14b4
What is 12100020 (base 3) in base 7?
14232
Convert 11021 (base 9) to base 13.
3433
What is -3155 (base 6) in base 3?
-222122
2131210 (base 4) to base 6
114404
1056 (base 7) to base 10
384
What is 7a58 (base 11) in base 8?
24536
Convert 21121 (base 8) to base 15.
290a
Convert -56446 (base 8) to base 16.
-5d26
Convert -4107 (base 8) to base 5.
-31434
5757 (base 9) to base 11
3227
Convert -10100110 (base 2) to base 13.
-ca
Convert -d9 (base 14) to base 4.
-2333
What is 1102111112 (base 3) in base 10?
28067
What is 1048b (base 12) in base 8?
51653
Convert 100432 (base 5) to base 3.
11110002
Convert 33 (base 16) to base 8.
63
Convert 1724 (base 9) to base 10.
1318
What is -12746 (base 10) in base 9?
-18432
What is a72 (base 13) in base 3?
2110001
Convert 3021021 (base 5) to base 7.
260463
Convert 156421 (base 7) to base 2.
111100101101001
-12222222 (base 3) to base 15
-1468
-41035 (base 7) to base 12
-5931
Convert -e37 (base 15) to base 9.
-4347
10112 (base 3) to base 2
1011111
What is -111120 (base 3) in base 15?
-196
633 (base 8) to base 13
258
-1010011100111 (base 2) to base 10
-5351
What is -61235 (base 9) in base 4?
-21311201
Convert -366 (base 16) to base 6.
-4010
What is 614 (base 11) in base 13?
450
What is ec2 (base 16) in base 15?
11bd
Convert -2213 (base 8) to base 13.
-6b6
What is 5f8 (base 16) in base 1